{"id":350,"date":"2021-02-07T11:24:35","date_gmt":"2021-02-07T10:24:35","guid":{"rendered":"https:\/\/upia.fr\/?page_id=350"},"modified":"2021-03-31T08:18:18","modified_gmt":"2021-03-31T06:18:18","slug":"formation-4-etapes-incontournables-pour-construire-un-etat-des-lieux-dentree-professionnel","status":"publish","type":"page","link":"https:\/\/upia.fr\/index.php\/formation-4-etapes-incontournables-pour-construire-un-etat-des-lieux-dentree-professionnel\/","title":{"rendered":"Formation : 4 \u00e9tapes incontournables pour construire un \u00e9tat des lieux d&rsquo;entr\u00e9e professionnel."},"content":{"rendered":"\n<figure class=\"wp-block-embed is-type-video is-provider-youtube wp-block-embed-youtube wp-embed-aspect-16-9 wp-has-aspect-ratio\"><div class=\"wp-block-embed__wrapper\">\n<iframe title=\"UPIA\" width=\"750\" height=\"422\" src=\"https:\/\/www.youtube.com\/embed\/nRZNDZVAcWo?feature=oembed\" frameborder=\"0\" allow=\"accelerometer; autoplay; clipboard-write; encrypted-media; gyroscope; picture-in-picture\" allowfullscreen><\/iframe>\n<\/div><\/figure>\n\n\n\n<p>J&rsquo;ai au cours de ma carri\u00e8re rencontr\u00e9 beaucoup de propri\u00e9taires bailleurs totalement perdu face \u00e0 la montagne de choses qu&rsquo;ils devaient connaitre pour mettre en location leur logement. L&rsquo;\u00e9tat des lieux en fait partie. Entre les termes juridiques, les obligations du bailleur, les choses qui ne se disent pas mais qu&rsquo;il faut savoir quand m\u00eame, la t\u00e2che peut s&rsquo;av\u00e9rer tr\u00e8s tr\u00e8s tr\u00e8s lourde ! <\/p>\n\n\n\n<p>Non seulement, votre \u00e9tat des lieux d&rsquo;entr\u00e9e comporte certaines obligations l\u00e9gales que vous devez absolument connaitre, sous peine de nullit\u00e9, mais en plus, il est LA garantie d&rsquo;un \u00e9tat des lieux de sortie serein. Que ce soit pour vous, ou pour votre locataire, il fait partie des incontournables de la location.<\/p>\n\n\n\n<h2>Votre formatrice en quelques lignes<\/h2>\n\n\n\n<p>Je suis formatrice professionnelle pour adultes depuis 2 ans. J&rsquo;ai suivi une formation et pass\u00e9 une certification pour obtenir ce titre professionnel. Depuis, j&rsquo;anime des formations dans des domaines vari\u00e9s, je forme notamment en num\u00e9rique.<\/p>\n\n\n\n<p>Avant ce parcours de formatrice, j&rsquo;ai travaill\u00e9 pendant dix ans comme gestionnaire en immobilier. J&rsquo;avais en charge un portefeuille de plus de 200 logements, mes missions allaient de la visite \u00e0 la restitution du d\u00e9p\u00f4t de garantie (autrement dit, toutes les \u00e9tapes d&rsquo;une location !).<\/p>\n\n\n\n<p>Dix ans, c&rsquo;est pas rien ! Et c&rsquo;est ce qui m&rsquo;a permis de cr\u00e9er UPIA. Mon exp\u00e9rience me permet de d\u00e9terminer avec pr\u00e9cision les besoins des propri\u00e9taires bailleurs. Avec cette formation, je vous partage mon exp\u00e9rience, mes astuces, mes m\u00e9thodes, pour que vous puissiez gagner en efficacit\u00e9 et en professionnalisme.<\/p>\n\n\n\n<h2>Au sommaire de votre formation :<\/h2>\n\n\n\n<p><\/p>\n\n\n\n<p><\/p>\n\n\n\n<figure class=\"wp-block-image size-large\"><img loading=\"lazy\" width=\"724\" height=\"1024\" src=\"https:\/\/upia.fr\/wp-content\/uploads\/2021\/02\/Sommaire-724x1024.jpg\" alt=\"\" class=\"wp-image-366\" srcset=\"https:\/\/upia.fr\/wp-content\/uploads\/2021\/02\/Sommaire-724x1024.jpg 724w, https:\/\/upia.fr\/wp-content\/uploads\/2021\/02\/Sommaire-212x300.jpg 212w, https:\/\/upia.fr\/wp-content\/uploads\/2021\/02\/Sommaire-768x1086.jpg 768w, https:\/\/upia.fr\/wp-content\/uploads\/2021\/02\/Sommaire-1086x1536.jpg 1086w, https:\/\/upia.fr\/wp-content\/uploads\/2021\/02\/Sommaire.jpg 1414w\" sizes=\"(max-width: 724px) 100vw, 724px\" \/><\/figure>\n\n\n\n<div class=\"wp-block-file\"><a href=\"https:\/\/upia.fr\/wp-content\/uploads\/2021\/02\/Sommaire.pdf\">Pour le t\u00e9l\u00e9charger, c&rsquo;est ici : <br>Sommaire<\/a><a href=\"https:\/\/upia.fr\/wp-content\/uploads\/2021\/02\/Sommaire.pdf\" class=\"wp-block-file__button\" download>T\u00e9l\u00e9charger<\/a><\/div>\n\n\n\n<h2>Les Plus Up\u00efa :<\/h2>\n\n\n\n<h5>Formation r\u00e9alis\u00e9e enti\u00e8rement en e-learning :<\/h5>\n\n\n\n<ul><li>formez-vous o\u00f9 vous le souhaitez, <\/li><li>quand vous le souhaitez, <\/li><li>et \u00e0 votre rythme !<\/li><\/ul>\n\n\n\n<h5>Forum priv\u00e9 de discussion <\/h5>\n\n\n\n<h2>Votre formation comprend : <\/h2>\n\n\n\n<ul><li>Un livret t\u00e9l\u00e9chargeable pour chaque partie de votre formation (4 au total)<\/li><li>5 vid\u00e9os <\/li><li>Un podcast <\/li><li>Une check list r\u00e9capitulative des points cl\u00e9s \u00e0 sauvegarder<\/li><li>Votre model d&rsquo;\u00e9tat des lieux d&rsquo;entr\u00e9e offert <\/li><\/ul>\n\n\n\n<h2>Prix de la formation :<\/h2>\n\n\n\n<p>Votre formation compl\u00e8te est au prix de 147 \u20ac TTC, avec une offre de lancement pour les 20 premiers acheteurs \u00e0 97\u20ac !<\/p>\n\n\n\n<p><\/p>\n\n\n\n<h2><span class=\"highlight\">Pour acc\u00e9der \u00e0 la formation, c&rsquo;est ici :<\/span><\/h2>\n\n\n\n<div class=\"wp-block-buttons\">\n<div class=\"wp-block-button\"><a class=\"wp-block-button__link\"><a href=\"https:\/\/upiaformation.teachizy.fr\/formations\/4-etapes-incontournables-pour-construire-un-etat-des-lieux-dentree-professionnel\">Commandez<\/a><\/a><\/div>\n<\/div>\n\n\n\n<p><\/p>\n\n\n\n<p><\/p>\n\n\n\n<p><\/p>\n","protected":false},"excerpt":{"rendered":"<p>J&rsquo;ai au cours de ma carri\u00e8re rencontr\u00e9 beaucoup de propri\u00e9taires bailleurs totalement perdu face \u00e0 la montagne de choses qu&rsquo;ils devaient connaitre pour mettre en location leur logement. L&rsquo;\u00e9tat des lieux en fait partie. Entre les termes juridiques, les obligations du bailleur, les choses qui ne se disent pas mais [&hellip;]<\/p>\n","protected":false},"author":1,"featured_media":0,"parent":0,"menu_order":0,"comment_status":"closed","ping_status":"closed","template":"","meta":[],"_links":{"self":[{"href":"https:\/\/upia.fr\/index.php\/wp-json\/wp\/v2\/pages\/350"}],"collection":[{"href":"https:\/\/upia.fr\/index.php\/wp-json\/wp\/v2\/pages"}],"about":[{"href":"https:\/\/upia.fr\/index.php\/wp-json\/wp\/v2\/types\/page"}],"author":[{"embeddable":true,"href":"https:\/\/upia.fr\/index.php\/wp-json\/wp\/v2\/users\/1"}],"replies":[{"embeddable":true,"href":"https:\/\/upia.fr\/index.php\/wp-json\/wp\/v2\/comments?post=350"}],"version-history":[{"count":10,"href":"https:\/\/upia.fr\/index.php\/wp-json\/wp\/v2\/pages\/350\/revisions"}],"predecessor-version":[{"id":424,"href":"https:\/\/upia.fr\/index.php\/wp-json\/wp\/v2\/pages\/350\/revisions\/424"}],"wp:attachment":[{"href":"https:\/\/upia.fr\/index.php\/wp-json\/wp\/v2\/media?parent=350"}],"curies":[{"name":"wp","href":"https:\/\/api.w.org\/{rel}","templated":true}]}}